**2 + 8*q + 10. Let x be f(-7). Suppose 2*i + z = 4*i + 131, -3*i + x*z - 192 = 0. Let n = i - -94. What is the remainder when n is divided by 14?
13
Let a(w) be the second derivative of w**4/12 + 15*w**2/2 - w. Let h = -8 - -16. Calculate the remainder when a(0) is divided by h.
7
Suppose -29 + 5 = -4*f. Let o(h) = 6*h + 17. Let m(t) = -t - 1. Let w(q) = 5*m(q) + o(q). Calculate the remainder when w(5) is divided by f.
5
Suppose 2*c - 3*z - 2*z = 45, 3*c + z = 25. Let j(w) = w**2 - 2*w + 4. What is the remainder when j(5) is divided by c?
9
Let a(g) = 30*g. Let k(j) = -j**2 + 26*j - 128. What is the remainder when a(1) is divided by k(18)?
14
Let x = 99 + -66. Calculate the remainder when x is divided by 6.
3
Suppose k = -3*c + 2 + 10, 5*k - 2*c = 9. Suppose -k = -2*i + 11. What is the remainder when 25 is divided by i?
4
Let z(y) = -y**2 - 30*y + 36. What is the remainder when z(-29) is divided by 34?
31
Suppose 3*x - 4 = 8. Suppose 5*a - 2 = x*a - 4*p, 2*a + 4*p - 12 = 0. Calculate the remainder when 37 is divided by a.
7
Let f be -80 + (1 - (-3 + 7)). Let g = -59 - f. Calculate the remainder when 71 is divided by g.
23
Suppose -k = 3*k. Suppose d + 3*d - 80 = k. Let u = d + -3. Calculate the remainder when u is divided by 9.
8
Let s(r) = 39*r**3 + r. Let j(n) = -n**3 - 13*n**2 - 16*n - 41. What is the remainder when s(1) is divided by j(-12)?
5
Let q(s) = 3*s + 7. Calculate the remainder when 55 is divided by q(0).
6
Let o = 12 + -5. Suppose 3*d = o*d + 4*k - 208, -2*d = -3*k - 109. What is the remainder when d is divided by 14?
11
Let f(m) = -m**3 - 9*m**2 + 3*m - 12. Let s = -5 - 2. Let x(q) = q**2 + 3*q - 8. What is the remainder when f(-10) is divided by x(s)?
18
Suppose 0 = 3*n + o - 6, 5*o + 27 = 7*n - 3*n. Let r = n - 1. Calculate the remainder when 2 is divided by r.
0
Let q(w) = 4*w**2 + 3*w - 37. What is the remainder when q(5) is divided by 27?
24
Let h(z) = -z**3 + 15*z**2 + 15*z + 24. Calculate the remainder when h(16) is divided by 3.
2
Let t = -11 + 18. Suppose i = 32 - 5. What is the remainder when i is divided by t?
6
Suppose -3*d = -406 + 115. What is the remainder when d is divided by 33?
31
Suppose -7*i = w - 3*i - 69, -269 = -5*w - i. Suppose 0 = 4*s - w + 9. What is the remainder when 41 is divided by s?
8
Let v(p) = 3*p**2 + 5*p + 11. What is the remainder when v(-5) is divided by 31?
30
Let v be -3 + 3 - (1 + 3). Let a = 2 - v. Let c = 27 - 16. Calculate the remainder when c is divided by a.
5
Suppose 3 = f - 7. What is the remainder when 18 is divided by f?
8
Suppose 0 = -4*m + 4*w + 104, -w + 3*w = -4*m + 98. Calculate the remainder when 90 is divided by m.
15
Let c(h) = h**3 + h**2 - 2*h. Let r be c(-2). Let n(d) = d**3 + d**2 + d + 35. What is the remainder when n(r) is divided by 12?
11
Let z(n) = 25*n**2 - 4*n + 1. What is the remainder when z(2) is divided by 24?
21
Let f = 27 - 6. Suppose -2*z = -5*s - 1 + 3, 5*z - 26 = -3*s. Suppose 3*i - 5 = z, -59 = -4*r - 5*i. What is the remainder when f is divided by r?
10
Let y(h) = 4*h - 8. Calculate the remainder when 30 is divided by y(6).
14
Let d = 14 + 6. Suppose d = 3*r + 2*r. Suppose -5*z = 2*n - 10, 6 = 3*z - r*n - n. Calculate the remainder when z is divided by 1.
0
Suppose -2*g = -5*g - l + 46, 6 = -g + 5*l. Let j(w) = 8*w - 41. Calculate the remainder when j(12) is divided by g.
13
Let a = -16 - -63. Suppose -3*z = -8*z + 80. What is the remainder when a is divided by z?
15
Let f = 13 + -11. Suppose -3*y - f*y + 25 = 0. What is the remainder when y is divided by 2?
1
Let l be (0 + 2)/((-4)/146). Let w = l - -190. Suppose 3*u + w = 6*u + 5*s, 4*u - 148 = -4*s. Calculate the remainder when u is divided by 12.
10
Suppose 5*z - 9 = 2*z. Suppose -3*o + 12 = -0*o. Calculate the remainder when o is divided by z.
1
What is the remainder when 77 is divided by (-1 - 1)/(14/(-112))?
13
Let u(a) = 2*a + 1. Let l be u(1). Suppose h - 36 = -l*h. Calculate the remainder when (58 - 1)*3/h is divided by 7.
5
Let z(q) = -q**2 + 9*q - 7. Let d be z(8). Let u = -1 - -7. Let k = u - d. Calculate the remainder when 14 is divided by k.
4
Let u be ((-14)/21)/((-4)/(-186)). Let p = u - -51. Calculate the remainder when 57 is divided by p.
17
Suppose -3*f + 8 = -f. What is the remainder when 5/(217/(-42) - -6) is divided by f?
2
Let o = -215 - -302. Suppose -d = -5*d + 120. What is the remainder when o is divided by d?
27
Let m = 30 - 45. What is the remainder when 17 is divided by (-29)/(-3) - (-10)/m?
8
Suppose m = 4*l + 23, -2 - 6 = 4*m + 4*l. Calculate the remainder when 6 is divided by m.
0
Let j be 3/5 + 6/(-10). Suppose i + 0*i - 17 = j. What is the remainder when i is divided by 10?
7
Suppose -60 = -11*o + 10*o. Suppose -3*n - 2*n = -o. What is the remainder when 33 is divided by n?
9
Suppose -f = -4*v + 4 - 2, -5*v = -3*f + 22. What is the remainder when 53 is divided by f?
11
Suppose 4*n + 0*y = 5*y + 13, -2*y = -3*n + 15. What is the remainder when 18 is divided by n?
4
Let o be 1/(-3*1/(-9)). Suppose 3*s = 3*k + 22 - 76, o*k = s + 46. Calculate the remainder when k is divided by 4.
2
Let o(i) = i**3 + 7*i**2 + 8*i + 3. Let v be o(-6). What is the remainder when 28 is divided by v/6 + 76/8?
4
What is the remainder when 2/(-4) + (-822)/(-12) is divided by (4/(-6))/((-2)/69)?
22
Let z = 26 + -17. Let v = -4 + z. Let q = v + 10. What is the remainder when 43 is divided by q?
13
Let i(v) = -v**2 - 7*v - 3. Calculate the remainder when (-22)/(-7) + -3 + 332/28 is divided by i(-5).
5
Suppose -f + 11 = -s, -2*f + 10 = 2*s - 0*s. Suppose 3*p = j - 3 - 1, 4*p = f. Let u = -20 + 39. Calculate the remainder when u is divided by j.
9
Suppose 13 = 4*l + 5*s, -l - 3*s - 4 = -2. What is the remainder when 25 is divided by l?
4
Suppose -3*f = -3*k + 9, -4 = 2*k + 5*f + 4. Suppose 2*x - 8 = -2*m + 40, m + k = 4*x. Calculate the remainder when -1 + -2 + m + 1 is divided by 6.
5
Let k(j) = j**3 + 3*j**2 - 5*j. Let n be k(-4). Suppose -n = -5*z + 3*z. What is the remainder when z is divided by 1?
0
Let s = -8 - -6. Let v be -1 + 0 + s - 1. Let y = v + 6. Calculate the remainder when 4 is divided by y.
0
Suppose -k - 2*k + 24 = 0. What is the remainder when 13 is divided by k?
5
Let d(s) = -6*s**3 + s**2 + s + 1. What is the remainder when 33 is divided by d(-1)?
5
Let w = 23 + -12. What is the remainder when w is divided by 6?
5
Let z(f) = f**2 - 5*f - 8. Let d(s) = -3*s**2 + 16*s + 23. Let o(m) = 4*d(m) + 11*z(m). Calculate the remainder when 64 is divided by o(6).
20
Calculate the remainder when 3*(2 + 64/6) is divided by 13.
12
Calculate the remainder when 215 is divided by -6*((-6)/(-12))/((-1)/18).
53
Let d = -7 + 15. What is the remainder when (5/((-50)/145))/((-2)/4) is divided by d?
5
Suppose -j - 10 = -6*j. Calculate the remainder when -1 - j - -2 - -31 is divided by 8.
6
Suppose 2*l = 27 + 7. What is the remainder when 46 is divided by l?
12
Let x = 2 - -29. What is the remainder when x is divided by 8?
7
Suppose -44 = -g + 70. Suppose -5*q - 90 = -5*m, 0 = 6*m - m - 3*q - 86. Calculate the remainder when g/4 - (-9)/6 is divided by m.
14
Let a(o) = o**2 + 2*o. Let r be a(-5). Let l = -7 + r. Suppose -12 = -c + l. Calculate the remainder when 58 is divided by c.
18
Suppose 0 = -q - o + 138 - 16, -q + 5*o = -122. What is the remainder when q is divided by 41?
40
Suppose -5*k - 7 + 47 = 0. Let s = k + 45. What is the remainder when s is divided by 18?
17
Suppose 5*s + 22 - 32 = 0. Let l be (-4)/(-8) + 1/(-2). Suppose -s*t + 16 = -l*t. Calculate the remainder when 14 is divided by t.
6
Suppose 2*k = 11 + 19. Suppose -3*x = 3*z - 57, 3*z = -2*x - 0*z + 38. What is the remainder when x is divided by k/2 + 2/(-4)?
5
Suppose 0*i + 3*i + 4*j - 64 = 0, -20 = -5*j. Calculate the remainder when i is divided by 11.
5
Suppose 5*r - 4*v - 308 = 0, -17 + 206 = 3*r - v. What is the remainder when r is divided by 22?
20
Let u be 2/(1 - (-10)/(-6)). Let j(s) = -7*s - 1. Calculate the remainder when j(u) is divided by 11.
9
Let x(s) = 14*s - 3. Calculate the remainder when 97 is divided by x(2).
22
Suppose 3*c = 7*c + 32. Let a(y) = y**2 + 8*y. Let m be a(c). Let s(h) = -h + 2. Calculate the remainder when s(m) is divided by 2.
0
Let j = 25 - 16. Calculate the remainder when 51 is divided by j.
